What is the hundreds digit of (30/n)/(1/56)?
2
Let d be 4/(-6) + (2256/(-9))/8. What is the units digit of (-1224)/d + 6/8?
9
Let m = 121 + -118. Suppose o - m*i = 100, -4*i - 430 = -4*o - 2*i. What is the hundreds digit of o?
1
Let y = -20 + 22. What is the units digit of (y - (3 + -4)) + 48?
1
Suppose -27*f + 4*z = -22*f - 14960, f = -3*z + 2992. What is the thousands digit of f?
2
What is the hundreds digit of (-52)/(6/786*-2)?
4
Let b(t) = -t + 13. Let l be b(10). Suppose 2*h = l*h + 18. What is the units digit of 1 + -4 - 0 - h?
5
Let g(m) = -m - 4. Let z be g(-4). Let t be -3 - -7 - 2 - z. Suppose -3*r + t*a + 30 = 0, 0 = 2*r + 2*a - 32 + 2. What is the tens digit of r?
1
Let f be ((-15)/12)/(-5) + (-1308)/(-16). Suppose 7*y = f + 233. What is the units digit of y?
5
Suppose 3*d + 3*l + 324 = 0, 6*l - 106 = d + 9*l. Let c = d - -132. What is the tens digit of c?
2
Suppose -20*p - 33*p = -77486. What is the hundreds digit of p?
4
Suppose -8676 = 20*k - 57016. What is the thousands digit of k?
2
Let w(o) be the third derivative of -2*o**4/3 + 2*o**3/3 + 12*o**2. Let l be w(-6). Suppose 5*f = f + l. What is the units digit of f?
5
Suppose 163*d = 137*d + 109564. What is the hundreds digit of d?
2
Let w(y) = 2*y**3 + 3*y**2 - 2*y + 3. Let m be w(-3). What is the tens digit of 9/m + (-362)/(-4)?
9
Suppose 1 = 2*d + 5*u - 3, -5*u = 0. Let c be d/(-4) - (-92)/8. Let z = c - -2. What is the tens digit of z?
1
Let f(b) = -3*b**3 + 6*b**2 - 19*b - 107. What is the units digit of f(-6)?
1
What is the thousands digit of (360/50 + -8)/(6/(-17805))?
2
Suppose 5*a - 7 = -r, -2*a = -r + 3*r + 2. Suppose 0 = -a*o + 3*o + 5*x - 49, -2 = 2*x. Suppose 0 = 4*j - o - 34. What is the tens digit of j?
2
Let c(l) = -78*l - 12. What is the hundreds digit of c(-3)?
2
Suppose -4*v = h - 489, -433 = -5*v - 4*h + 192. Let k = v - 85. Suppose 0 = 19*g - 21*g + k. What is the tens digit of g?
1
Let k be (-11 - -10) + 1/1 + 0. Suppose k = -64*p + 63*p + 109. What is the units digit of p?
9
Suppose 2*b + 2*b - 10 = -2*k, -2*b = 4*k - 20. Suppose 0*g - k*g = -45. Let w(t) = t**2 - 9*t + 6. What is the units digit of w(g)?
6
Suppose -5*t + g = -18, 4*t + 0*g - 3*g - 21 = 0. What is the units digit of t?
3
Suppose -6*h + 2*h = 2*d - 10, -4 = -d - h. Suppose 0 = -6*m + 4*m, 0 = d*u + m - 9. What is the units digit of 9/(((-9)/(-4))/u)?
2
Suppose -2*m - 4*o = -342, 0 = -4*m + 3*o + 800 - 127. Let b = m - 26. What is the hundreds digit of b?
1
Let p(m) = 19*m - 2. Let s(n) = 10*n - 1. Let h(r) = -6*p(r) + 11*s(r). Let v be h(10). Let o = v + 60. What is the tens digit of o?
2
Suppose 5*o - 10 = 2*d, 3*d = 3*o - 0*o - 6. Suppose 5*r - 15 = d, 4*v - v + 3*r = 435. What is the hundreds digit of v?
1
What is the hundreds digit of (20/5)/(2/363) - 1?
7
Suppose 0 = -4*x + 14 + 2. Suppose x*w = -h - 22 + 104, 2*h - 4*w = 164. What is the tens digit of h?
8
Let m(l) = -3*l**2 + 72*l + 7. What is the hundreds digit of m(15)?
4
Suppose 0 = -5*f + 4*u + 138, f + 4*f + 3*u - 159 = 0. Let a = f + -23. What is the units digit of a?
7
Let g(d) = -7*d**3 - 5*d**2 + 10*d + 79. What is the tens digit of g(-6)?
5
Let j(s) = 2*s**2 + 19*s + 30. What is the hundreds digit of j(-20)?
4
What is the hundreds digit of (-3 + 3947)*5/10?
9
Let w = -873 - -1391. What is the tens digit of w?
1
Let o = -7 - -12. Suppose 44 = p - o. What is the units digit of p?
9
Let v(k) = -k**2 + 47*k + 37. What is the units digit of v(21)?
3
Suppose -19*o = -20*o + 2. What is the tens digit of 101 + o/(3*(-6)/9)?
0
Suppose 25 = 4*v - 91. Suppose 5*o - v = -89. What is the units digit of 95/6 - 2/o?
6
Let v(f) = -f**3 - 3*f**2 - 4*f - 2. Let g be v(-4). Let d be 2/((g/(-27))/5). Let u = d + 13. What is the units digit of u?
4
Suppose 6*d - 1312 - 374 = 0. What is the hundreds digit of d?
2
Suppose 3*b = -5*v + 15698, 725 = -v - 4*b + 3851. What is the units digit of v?
2
Let q(c) = -23*c. Let o(l) = l + 3. Let d be o(-5). What is the tens digit of q(d)?
4
What is the thousands digit of 13552/8 - ((1 - 0) + -5)?
1
Let m = 1752 - 753. What is the units digit of m/7 + 12/42?
3
Suppose 0 = 5*r - 7 - 13. Suppose r*q - 314 = -5*h, 6*h - 2*h - 253 = -5*q. Suppose 0 = -6*x + 146 - h. What is the tens digit of x?
1
Suppose -1310*h + 15085 = -1303*h. What is the units digit of h?
5
Let f = -274 - -607. What is the units digit of f?
3
What is the tens digit of -6 - (-729 + 14 + -1)?
1
Suppose -3*c + 2553 = k, 6*c - 10212 = -4*k + 5*c. What is the thousands digit of k?
2
Suppose 0 = -4*u - u + 3*i + 81, 4*u = -i + 75. Let n be u/30 + (-664)/(-10). Suppose 0 = -4*l - 11 + n. What is the units digit of l?
4
Suppose 1422 + 406 = 4*l. What is the units digit of l?
7
Suppose -15 = 5*t - 7*k + 6*k, -3*t - 4*k + 14 = 0. Let d(z) = -5 + 9*z**2 + z + 0*z - 5*z. What is the units digit of d(t)?
9
Suppose 0 = 7*u - 4*u - 321. Let a = u - 184. Let t = -40 - a. What is the units digit of t?
7
Let l(w) = 4*w**2 + 2*w. Let d be l(-1). Suppose i = -4 + d. What is the tens digit of i/(-1) + 1 + 21?
2
What is the thousands digit of 1320 - (-1 + 4 + 50/(-10))?
1
Suppose -2*s - 304 = -6*s + 5*f, 0 = 2*s + 5*f - 122. What is the tens digit of s?
7
Suppose -3*p = -p - 8. Let s be 156/91 + p/14. Suppose -t + 8 = -5*r, -2 = -s*t - 2*r + 2. What is the units digit of t?
3
What is the thousands digit of -2 - -7 - 22/(198/(-36207))?
4
What is the tens digit of ((-3)/((-12)/440))/(1/1)?
1
Suppose -m = -3 - 0. Suppose 2*j + s = -14, -3*j - s - 22 = -m. Let v(h) = h**2 + 4*h - 2. What is the units digit of v(j)?
3
Let c(i) be the third derivative of 4*i**2 + 0*i + 0 - 1/6*i**3 - 5/24*i**4. What is the units digit of c(-1)?
4
Suppose 2*z + 2*r = 70, -4*z + 122 = -19*r + 14*r. What is the units digit of z?
3
Suppose y - 900 = -k + 1462, 4*y - 9448 = 2*k. What is the hundreds digit of y?
3
Suppose 4 - 16 = 2*v. Let a(m) = 2*m + 10. Let i be a(v). What is the units digit of 42/(5 - 2) + i?
2
Suppose 0*q - 3*q + 1119 = -3*y, 3*q - y = 1111. Suppose -u + 2*p = 5*p - 111, 3*u = 3*p + q. What is the hundreds digit of u?
1
Suppose -4*q = 5*k + 152, -q - 2*k = -4*k + 38. Suppose -2*w - r = -0*r - 128, -w + 75 = -5*r. Let t = w + q. What is the tens digit of t?
2
Let d be ((-3)/(-3))/(1/2). Let r = d + 0. What is the units digit of (1 + 1)/(r/42)?
2
Let a(j) = 10 - 5*j + 3 - 19. Let h be a(-3). Suppose 0*y - 3*y = -h. What is the units digit of y?
3
Let x(v) = 20*v**2 - 2*v - 4. What is the hundreds digit of x(4)?
3
Suppose -12*m + 19540 = 3820. What is the units digit of m?
0
Let l(t) = -4 + 48*t - 84*t + 52*t. What is the hundreds digit of l(8)?
1
What is the thousands digit of (-35 + 155)*(2 + 102/9)?
1
Let y be ((-54)/15 + 3)/((-3)/15). Suppose m - y*t - 49 = -11, -5*m + 5*t = -200. What is the units digit of m?
1
Let i be ((-1)/(-1))/((-4)/12) - -4. What is the hundreds digit of 266 + (-5 - (-3)/i)?
2
What is the tens digit of (1918/35 - -1)/((-2)/(-10))?
7
Suppose -5*m = -4*m - 2. Let g(o) = -8*o - 6*o**3 + 0*o**m + 5 + 5*o**3 - 8*o**2. What is the tens digit of g(-7)?
1
Let j(m) = 5*m**2 - 2*m + 18. Let l = 38 + -43. What is the hundreds digit of j(l)?
1
Suppose c - 2309 = -5*n, 71*n - 73*n + 2324 = c. What is the units digit of c?
4
Suppose 0 = -30*q + 22*q. Suppose q = o - 37 - 168. What is the hundreds digit of o?
2
Suppose 753 = -7*i + 3294. What is the tens digit of i?
6
What is the units digit of 29949/33 + 42/(-77)?
7
Let v(m) = -2*m - 42. Let l be v(0). Suppose -u - 6 - 17 = 0. Let g = u - l. What is the units digit of g?
9
Let o be 14/3*(-108)/42. Let w be 6/(-10) - o/20. Suppose h - 6*h + r + 135 = w, 4*h - 79 = -5*r. What is the tens digit of h?
2
Let m be 64/14 + (-32)/56. Suppose 236 = -0*p + m*p. What is the units digit of p?
9
Let p(i) = -26*i - 3. What is the hundreds digit of p(-13)?
3
Let q = 10 + -7. Suppose -4*t + q*p + 5 = -0, -1 = t - 3*p. Suppose -4*k = v - k - 33, 0 = 2*v + t*k - 46. What is the tens digit of v?
1
Let n = -444 - -2140. What is the hundreds digit of n?
6
Let v = -68 - -76. Suppose 265 = 3*g - v*u + 4*u, -5*u - 70 = -g. What is the units digit of g?
5
Suppose 38 = -4*b + 46. Suppose -b*g = 7*g - 1098. What is the tens digit of g?
2
Let h = 29 + -13. Suppose -4*g + 2*g + 16 = -4*c, -5*g + c = -22. Suppose 0 = 2*m - g*m + h.